 is (74 + 4 - 43) + (11 - -61)?
107
Calculate 48 - (20 - ((122 - 123) + (16 - 0))).
43
What is the value of 0 + (3 - 4) + 10 - (28 + 2)?
-21
Evaluate (-23 - -2 - -130) + (16 - 15).
110
29 + (2 - (4 + 9)) - -16
34
(51 + 21 - 27) + 19 + -62
2
What is the value of -132 - -129 - (0 - (10 + 25))?
32
What is (2 - 12) + 46 + (0 - -2)?
38
34 + -144 + 141 - -6
37
-14 - (4 + -70) - ((-1 - -2) + 13)
38
Evaluate -31 - -96 - (125 - 6).
-54
11 - (5 - 16) - (31 + 3)
-12
What is the value of 28 + -26 + (0 - -46 - 0) + (-9 - -2)?
41
-11 + (4 - -13 - (31 - 28))
3
What is the value of (-201 - -317) + -135 - (1 + 42 + 1)?
-63
What is the value of -4 + ((11 - 1) + -14 - -15) + 1 + 32?
40
14 - (17 - 26) - 8 - 28
-13
Evaluate 59 - (7 - (-4 + 10 - 9)).
49
What is 54 + 0 - (-6704 + 6792)?
-34
Calculate -10 + -35 + -7 - -78.
26
What is the value of (-17 - 6) + -12 + (-8 - 48)?
-91
Evaluate 20 - (43 + 43 + -33 + -39).
6
What is -46 + 8 + -32 + 44?
-26
What is the value of 28 + 41 + -38 - 40?
-9
Calculate (22 - 176) + (142 - 34).
-46
Evaluate (-1 - -2) + -11 - ((-36 - -7) + 26 + 92).
-99
Calculate 48 + 40 + -12 + -42.
34
Evaluate 1474 - 1491 - (-41 + 0 + 1).
23
Calculate -3 + 5 + -4 + -26 + 22 - (0 + 5).
-11
Evaluate 92 - (36 - -97) - -44.
3
What is -62 - ((21 + 2 - (-13 - (-22 + 8))) + -10)?
-74
What is -26 + (13 - -116) - 202?
-99
Calculate (21 - (-30 + 40 - (-5 - -4))) + 19.
29
What is -6 - (-7 - 69) - (175 - 184)?
79
What is the value of 3 + (1 - 1) + (-26634 - -26679)?
48
-668 + 639 - (-12 - 49)
32
Evaluate -9 + 1 + (11 - 37) + 1.
-33
What is the value of 55 + (-14 - (22 + -29) - 12) + 5?
41
Calculate -10 + (44 - (-2 + -8 + 0)) + 6.
50
-7 - -3 - (10 - 0 - (-86 - -92)) - 2
-10
59 + -25 + -14 - -23
43
What is the value of 12 - (1 + 1) - ((-16 - 21) + -6 + 139)?
-86
Calculate -15 + -47 + (497 - 336).
99
Calculate -75 + (-5 - -14 - (7 - (5 - 5) - 8)).
-65
What is the value of (-3 - -27) + -37 + 23 + 23?
33
(1 - 11 - (-28 - -9 - -4 - 3)) + -32
-24
What is the value of -43 + 15 + -11 - -15 - (1 - 15)?
-10
-51 + -3 - (57 + -104 + 21)
-28
(28 - 61) + -44 - -74
-3
Calculate 55 + 4 - (-60 - (-23 + -45)).
51
Evaluate 8 + 1 + (103 - 106) - ((25 - 93) + 8).
66
What is the value of -22 + 12 - (-5 + (27 - 16) - -85)?
-101
What is the value of (6 - (2 - 0)) + (-9 - 8) + (12 - 76)?
-77
What is (17 - (1 + -9)) + (-21 - -20)?
24
-12 + 9 - (1 + 12) - (-2051 + 2063)
-28
What is the value of 11 - (10 + 2 - (60 + -14 + -27))?
18
Calculate 8 + -9 + 22 + -29 + 10.
2
What is -9 + 7 + 0 + (11 - -13) + 4?
26
What is 23 + -33 - (-4 + 1) - (-10 - -45)?
-42
-67 + (-477 - -493 - (-3 + 4 + -1))
-51
Evaluate 61 - (89 + (23 - 120)).
69
Evaluate -59 + 3 - (28 + -23 - (-5 - -2) - 14).
-50
Evaluate (-16 - 2) + (15 - 30 - 36) + 0.
-69
Evaluate -63 + 2 - (-69 + (16 - -49)) - -16.
-41
Calculate 7 + 2 + 126 + -8 + (-10 - 12).
105
Evaluate -28 + (1 - (-7 + 1)) + -75 + -53 + 123.
-26
Evaluate -31 + (-8 - -18) - -7 - (-66 + 10).
42
What is 0 - 9 - ((81 - -25) + -110) - (2 + -96)?
89
Calculate (369 - 274) + -1 + -93.
1
What is (-92 - -19) + 70 + -49?
-52
What is (4 - -10) + (101 - ((19 - -6) + -27))?
117
Calculate 7 - (9 + -10 + -7 - -7) - 33.
-25
What is -38 - (-39 - (-92 + 47))?
-44
Evaluate 3 + 15 + -1 + 3 + -22 - 82.
-84
(-1 + (-1 - (-4 + 7)) - -11) + 20
26
-149 - -259 - (66 - -17)
27
21 + -2 + 19 + 88 + -103 - (4 + 2)
17
Evaluate -39 - 8 - -42 - (-122 - (-5 + 4)).
116
What is (-10 - ((-10 - 27) + -4)) + 10?
41
8 - (-11 + (13 - 29 - -10 - (-7 - 0)))
18
Calculate (3 - 21) + -8 + (-3 - -24).
-5
What is 7 + -2 + -1 + -78 + (12 - 28 - -20)?
-70
What is the value of 62 - (0 - (-73 + 97))?
86
Calculate -127 - -41 - (69 + -86).
-69
9 + -35 + (-8 - (-4 + (-6 - -18)))
-42
Evaluate (19 - (1 + 7) - 8) + 10 + 4 + -2.
15
Evaluate (-1 - 75) + -41 + -4 + (45 - -10).
-66
-84 + -1 - (-12 - (-2 + -23 + 5))
-93
What is the value of -9 + (87 - (8 - 19)) + 30 + -34?
85
What is the value of (-21 - -17) + (-7 - -17) - 9?
-3
Evaluate 4 + 9 + 38 + -58.
-7
What is the value of -53 + (15 - (11 + -78))?
29
What is the value of (-62 - (-2 + (5 - 17))) + 0?
-48
Calculate 6 - ((-67 - -34) + 18).
21
Calculate (-1 - (-9 - 1 - -25)) + -6 + 53.
31
What is the value of -43 + -8 + (-35 - -14) + 11?
-61
Calculate 10 - (40 + -19) - -22 - 16.
-5
What is -3 + (-6 - (-1 + -3)) - (-110 + 53 - -108)?
-56
Calculate 0 - -103 - (-500 + 565).
38
Evaluate -28 + -123 - -131 - (-2 + (-1 - -5)).
-22
(2 - (7 + -1) - 7) + (-26 + 14 - -12)
-11
Evaluate 5936 + -6097 - (-7 - -6 - (20 + -1)).
-141
Calculate (12 - (16 - 14)) + (2 - (-1 + 0 + -2)).
15
What is 83 + (25 - 9) - (7 + -11 + 8)?
95
What is 67 + (-70 - 21 - -60)?
36
What is the value of 75 + -17 + -67 + 33?
24
Calculate 8 - (-11 + 2 + (53 - 38)).
2
(1490 - 1582) + 1 + 2 + (1 - (-2 - 3))
-83
Calculate 103 + 15 + -157 + 2.
-37
What is 32 + 13 + -68 - (-4 - 0)?
-19
Evaluate 161 + 99 + -179 - 155.
-74
What is 13 + (1 - 27 - (-14 - -15)) + 55?
41
Evaluate (-34 - -10) + (-61 - -77).
-8
What is -11 - (20 + -19 + 17 - 10)?
-19
-39 + 1 - 2 - (17 + -4 + (-4 - 1))
-48
Evaluate (26 - (39 + 13) - -44) + 43.
61
What is 2 + 6 - (70 + 2 - -14 - -31)?
-109
What is the value of -7 + -14 + (14 - 0) - (-36 - -5)?
24
What is the value of -2 - (1 + 63 + (-94 + 5 - -84))?
-61
Evaluate 6 - (-11 + 25) - (9 - 6 - 66).
55
Evaluate (-96 - (-9 + 10)) + (19 + 12 - 48).
-114
Evaluate (-51 - (6 + -11)) + -10 + -14 + 23.
-47
Calculate -572 + 571 + (-85 - (4 + -2)).
-88
Evaluate (18 - 36) + 9 - (-1 - (-2 + 33)).
23
Calculate (3552 - 3364) + (-1 - 71).
116
What is the value of -12 + (-30 - 0) + (12 - (-16 - -16)) - 0?
-30
What is the value of 24 + (81 - 189) + 91?
7
Evaluate -9 + 151 + 50 + -117.
75
Calculate (2162 + -2189 - (-39 - 1)) + -41.
-28
Evaluate (0 - -49) + (-11 - 9 - -13) - 8.
34
20 - ((29 - 3) + 2 + -15) - (83 - -8)
-84
Calculate (-9 - -12) + 27 + -20 - (66 + -2) - -1.
-53
Calculate (20 - (26 - -24)) + -22.
-52
Evaluate -34 - (28 - 5 - (-5 + 10)).
-52
What is the value of 41 + -12 + (-24 + 24 - 4)?
25
26 + 55 + -24 - 17
40
What is the value of 14 + (8 + -69 - (4 - 4 - 9))?
-38
What is -3487 + 3494 - (-95 + -1)?
103
Calculate -8 + (1 - 22) + 443 + -422.
-8
Calculate 73 - (6 - (-26 - -9 - -12 - -13) - -5).
70
Calculate -114 + (-41 - -119) - (1 + -1 + -2).
-34
Evaluate -49 + (41 - (0 + 22)) + -11.
-41
-1144 - -1175 - (0 + -2 + 17)
16
4 - 0 - (10 - (34 + -119 + -15))
-106
Evaluate -37 + 43 - -35 - (3 + -4 + (-1 - 0)).
43
6 + -23 + -32 + 39
-10
What is the value of -13 - 3 - -1 - (24 + -18) - 12?
-33
(37 - (83 - 24)) + (0 - -15)
-7
Calculate 3652 - 3628 - (0 - (-9 - 2)).
13
Calculate -41 + (-37 - -31) + 26.
-21
Evaluate 7 + (-25 - -44) - 29.
-3
What is (13 - 9 - 28) + -5 - -1?
-28
What is -53 + (60 + 1 - -38)?
46
Evaluate -13 + 8 + (-2 - -6) + 14 - 41.
-28
What is the value of 33 + 26 + 4 + -89?
-26
Evaluate 3882 + -3930 - (2 + (-2 - 104)).
56
Calculate -60 - -69 - (-7 + 54) - 30.
-68
What is the value of 13 - (1 + 13 - 30 - (4 + -18))?
15
What is 3 + 15 - (-20 + 6 + -20)?
52
(-4 - (7 + -3 + -6)) + -25 + (11 - 6)
-22
Calculate (-1 - 6) + (2 - (0 - -4)) + (5866 - 5904).
-47
(19 - (-15 + 15 - -9)) + 2
12
What is the value of 39 + 12 + (-101 - -45)?
-5
Evaluate -17 + -88 + -65 - -91.
-79
What is the value of 5 + 27 + -95 + (12 - 23)?
-74
Calculate 1 - -35 - (2394 - 2358).
0
Calculate 55 - 56 - (11 + -23 - -65 - -4).
-58
What is -2 + (-79 - -1) + (-3478 - -3503)?
-55
Calculate (965 - 928) + 18 + -2 + -3.
50
-28 + (27 - -64) + -160
-97
What is 42 - (12 - (-4 + -9 + 20))?
37
What is the value of (-15 - -6) + -28 - -5 - (3 - -11)?
-46
Evaluate (22 - -1) + -7 + (24 - 18) + -12.
10
What is -60 + 29 + 54 - (5 - -4) - 13?
1
6 - (-11 - 2) - (-4 - -9 - 0)
14
What is the value of 7 + 15 - (-42 - (-97 + 31))?
-2
(-13 - 5) + 15 + (0 - -2) - -58
57
0 - 60 - (30 + (-4 + -40 - -18))
-64
What is 7 + 2 + 0 + (-28 - -13)?
-6
Calculate 49 - (42 - 56) - -18.
81
Calculate (59 - 61) + -74 - -79.
3
Calculate (15 - 41 - -12 - (-27 - -1)) + 11.
23
Calculate -238 + 110 - -138 - 52.
-42
What is the value of (5 + -1 - 111) + (-1 - 16 - (35 - 64))?
-95
What is (-268 - -341) + (24 - 3)?
94
What is the value of -5 - -16 - (-466 + 523)?
-46
What is the value of (66 - (35 - (-15 - -4))) + (-101 - -1)?
-80
What is -8 + (-5 + 3 - -2) + (-13 - -5 - -4)?
-12
What is th